Let f be 3*((0 - o) + 0). Let t(c) = c**3 + 2*c**2 - 2*c + 2. Determine t(f).
-1
Suppose -4*p = -4*l, 3*p = -4*l + p. Let r(g) = 9*g**2 - 3*g - 16. Let f(b) = -11*b**2 + 4*b + 17. Let d(i) = 4*f(i) + 5*r(i). Give d(l).
-12
Let u be (-4)/(-5)*30/(-4). Let m(t) = -t**3 - t**2 - t + 1. Let q(j) = 3*j**3 - j**2 + 10*j - 1. Let b(h) = -4*m(h) - q(h). Give b(u).
-3
Let l be (-8)/(-4)*30/(-12). Let w(p) = p**3 + 6*p**2 + 6*p + 4. Calculate w(l).
-1
Let g(a) = -a**2 - 9*a - 7. Let f be g(-15). Let u = 104 + f. Let n(b) = b + 2. Calculate n(u).
9
Let j(t) = -2*t + 14. Let y = 899 + -891. Determine j(y).
-2
Let o(k) = k**2 - 6*k + 13. Let b be (8 + 232/(-32))/(3/36). Determine o(b).
40
Let h(s) be the second derivative of 15*s - 1/6*s**3 - 1/20*s**5 + s**2 + 5/12*s**4 + 0. Calculate h(5).
-3
Let s(f) = 24*f + 2. Let u(j) = -2*j**2 - 6*j + 1. Let n be u(-3). Calculate s(n).
26
Suppose -3*d = -0*d - 18. Let u(a) = -d - 11 - 2*a - a**3 + 7*a + 10 - 4*a**2. Give u(-5).
-7
Let v(j) be the third derivative of -j**6/120 + 11*j**5/60 + 7*j**4/12 - 8*j**3/3 + 216*j**2. Determine v(12).
8
Let c = 2 - -7. Let f(o) = o**3 - 11*o - 8*o**2 + 8 + 0*o + c*o + 9*o. What is f(7)?
8
Let n(h) = -7*h + 3. Let v(p) = -p**3 + 14*p**2 - 14*p + 18. Let o be v(13). Calculate n(o).
-32
Let g(z) = z**2 - 5*z + 6. Suppose 2*b = 2*m - 6, -5*b - 5 = -m - 2*m. Suppose 4*w = 2*w - 40. Let h be (w/8)/((-1)/b). Calculate g(h).
6
Let c be ((-4)/1 - -4) + (-10)/(-2). Let a(o) = -12*o**2 - o - o - o + 1. Let v(p) = 24*p**2 + 7*p - 2. Let n(l) = c*a(l) + 2*v(l). Calculate n(1).
-12
Let w(a) = 7 - a + 0*a - 2. Let x(m) = -2*m + 4. Let s(j) = -5*w(j) + 6*x(j). Give s(-1).
6
Let f(y) = y**2 - 10*y - 22. Let n = 1426 + -1414. Give f(n).
2
Let d(z) = -36*z - 27. Let h(b) = -5*b - 4. Let t(a) = 2*d(a) - 15*h(a). Let k = 18 - 11. Suppose s - k = n, -n + 3*s = 4*n + 29. What is t(n)?
-6
Let b(p) be the third derivative of -p**4/8 - 9*p**3/2 + 42*p**2 - 1. Determine b(-11).
6
Let n = -50 - -51. Let b(s) = -s**2 + s + 1. Let r(l) = -5*l**2 - l + 8. Let w(v) = n*r(v) - 6*b(v). What is w(6)?
-4
Suppose -3 - 3 = -v. Let t(w) = -7 + v*w**2 + 3 - 3 + w**3 + 6*w + 2. Determine t(-5).
-10
Let u(h) = 5*h**3 + 2*h**2 + 4*h + 2. Let q = -31 + 30. Let c be u(q). Let i(z) = -z + 5. Determine i(c).
10
Let r(m) = 3*m - 2. Let c = 32 - 29. Let w(v) be the first derivative of -3*v**2/2 + v + 2. Let f(g) = c*r(g) + 4*w(g). Determine f(-3).
7
Let w(y) be the first derivative of y**5/20 - y**4/2 - 7*y**3/6 + 9*y**2/2 - 32*y - 38. Let t(h) be the first derivative of w(h). Determine t(7).
9
Let h(g) = 10*g + 56. Let v be -1 + -7 - (10 + -3 - 10). Give h(v).
6
Let h(z) = -z**3 - 4*z**2 - 3*z - 4. Let p be h(-3). Let u(l) = -l**2 - 5*l - 2. What is u(p)?
2
Let z(h) = -h**3 + 4*h**2 + 2*h + 6. Suppose -5*k = 25 - 45. Suppose -5*g + k = -21. What is z(g)?
-9
Let h(b) = b**2 + 10*b + 19. Let m be h(-8). Let c(g) = 2*g**m + 5*g - 3*g**3 + 5 - 4*g**2 - 6. Let r = 12 - 17. What is c(r)?
-1
Let n(s) = 3*s**3 + 4*s**2 + 7*s + 18. Let o(d) = 16*d**3 + 19*d**2 + 35*d + 99. Let c(t) = -11*n(t) + 2*o(t). Determine c(-4).
-4
Let l(r) = -16*r**2 + 51*r - 16. Let o(u) = 3*u**2 - 10*u + 3. Let k = 147 - 145. Let n(h) = k*l(h) + 11*o(h). What is n(8)?
1
Let w(p) be the first derivative of -p**4/24 + 11*p**3/6 + 12*p**2 + 6. Let s(l) be the second derivative of w(l). What is s(9)?
2
Let p(a) = a**3 + 37*a**2 - 78*a + 7. Let k be p(-39). Let b(o) = o**3 + 3*o + 7*o**2 + 2 + 2*o - 15*o**2. Calculate b(k).
-12
Let p(m) = 11*m**3 + 13*m**2 - 8*m - 11. Let x(r) = 31*r**3 + 38*r**2 - 22*r - 32. Let k(c) = 17*p(c) - 6*x(c). What is k(8)?
37
Let h(p) = -p**3 - 4*p**2 + 4*p - 2. Suppose 49 = -12*c + 229. Suppose -6*n = -n + w - c, -w = 2*n - 9. Determine h(n).
-18
Let f(g) = 5*g**2 + 1 - 2 - 3*g**2. Let r be 18/10 + (-5)/(-25). Suppose -z + 3 = 4*z - r*b, 0 = z + b + 5. Determine f(z).
1
Let m(b) = -b**3 - 6*b**2 - 2*b - 9. Suppose 2*o + 3*h - 19 = -0*o, -34 = -5*o - 3*h. Suppose 66 = o*u - 9. Let q = -21 + u. Determine m(q).
3
Let w(g) = -17*g**3 + 23*g**2 - 13. Let k(t) = -12*t**3 + 16*t**2 - 9. Let q(m) = 7*k(m) - 5*w(m). Suppose -6 = -5*n + 3*n - h, -15 = -5*n - 3*h. What is q(n)?
2
Let l(p) = p + 4. Let f = -104 + 93. What is l(f)?
-7
Let n(t) = 1 - 84373*t - 2 - 4 - 1 + 84374*t. Determine n(18).
12
Let k(x) = -2*x + 1. Let n(y) = y - 1. Let m(c) = -k(c) - n(c). Let r be (-18)/3*3/(-9). Let q be m(r). Let h(j) = -4*j + 2. What is h(q)?
-6
Let q(j) = -18*j + 6*j - 16*j - 10 + 25*j. What is q(-1)?
-7
Let u(r) be the first derivative of r**7/840 + r**6/180 + r**5/30 + r**4/6 + 26*r**3/3 - 24. Let h(w) be the third derivative of u(w). Give h(-3).
-17
Let p(d) be the second derivative of d**5/20 + 4*d**4/3 - d**3/6 + 577*d. Determine p(-16).
16
Let d(w) = -5 + 2*w + 5 - w + 4. Suppose -5*g + 8 = -2. Suppose 0 = -3*q - g*x - 2*x - 2, -q - 5*x = -3. Give d(q).
2
Let a(y) = 2*y - 1. Let f be 0 - (11/(-1) - 3). Suppose -2*t + f = 2*o, -4*o - t + 27 = 2*t. Let d be (2 + o/(-4))*6. Determine a(d).
5
Let u(t) be the third derivative of -t**2 + 0*t + 0 - 1/120*t**6 + 0*t**5 - 1/3*t**3 - 1/8*t**4. Suppose -8 = 457*b - 453*b. What is u(b)?
12
Let r(i) = i**2 + 4*i + 1. Suppose -2*k - 33 = -11. Let w = 5 - 12. Let n = k - w. Calculate r(n).
1
Let b(k) = 5. Let i(s) = s + 26. Let q(m) = 11*b(m) - 2*i(m). Let g(x) = -x - 1. Let y be g(-5). Determine q(y).
-5
Let z = -872 + 871. Let o(u) = -50*u - 1. Give o(z).
49
Let b(m) = -m**2 - m - 3. Suppose 5*t - 60 + 0 = 0. Suppose 0*r + t = r. Suppose -k = -15 + r. Give b(k).
-15
Let a(q) be the first derivative of q - 3/2*q**2 + 1/4*q**4 + 7 + 0*q**3. Give a(-3).
-17
Let a(q) = 15*q + 279 - 281 + 7*q**2 - 13*q. Calculate a(2).
30
Suppose 0 = -3*f + 2*k + 37, 3*f + 31 = 5*f + 5*k. Let z(x) = x**3 - 12*x**2 - 13*x + 2. Determine z(f).
2
Suppose -231*l = -235*l + 32. Let f(v) = v**3 - 8*v**2 + 2*v - 2. Calculate f(l).
14
Let z(w) = -w - 7. Let d be (-2)/((-5)/(-13 + 3)). Let a be d/(-6) - 425/75. Give z(a).
-2
Suppose 14*b = 15*b + 116. Let q = b + 111. Let w(t) = 2*t**3 + 12*t**2 + 4*t + 1. Let p(x) = -x**3 - 6*x**2 - 2*x. Let r(c) = -7*p(c) - 3*w(c). What is r(q)?
12
Suppose 0 = 4*g + 3*k - 3, -2*g + 0*g + k - 1 = 0. Let s(u) be the first derivative of u**3/3 - u**2/2 + 3*u + 14. Calculate s(g).
3
Let g(d) = -10*d**3 - d**2 - 2*d - 4. Let c(r) = -27*r**3 - 2*r**2 - 5*r - 11. Let n(l) = 3*c(l) - 8*g(l). Give n(3).
-7
Let r(a) = -6*a + 225*a**2 - 1 - 226*a**2 + 4*a + 0. What is r(-6)?
-25
Let m(g) = -g**2 + g - 1. Let j = 7 + -6. Let k(b) = -b**3 - 2*b**2 + b + 8. Let y(f) = j*k(f) + 2*m(f). Let n(o) = 3*o**3 + 2*o + 1. Let t be n(-1). Give y(t).
-6
Let q = -252 - -259. Let t(n) = -n**2 + 4*n + 5. Determine t(q).
-16
Let x = -18 + 12. Let y = 0 + 8. Let p(c) = 2 + 3 + 1 - 16*c**2 + 17*c**2 + y*c. Give p(x).
-6
Let i(h) = 3 - 5*h + 32*h**2 - 31*h**2 - 7. What is i(3)?
-10
Let k(y) be the second derivative of -y**3/6 + 4*y**2 + 13*y + 4. What is k(11)?
-3
Let x(c) = -5*c**2 + 25*c**3 - 57*c**3 - 2*c - 4*c + 33*c**3 - 2. Give x(5).
-32
Let g(t) be the second derivative of t**4/12 + 5*t**3/2 + 25*t**2 - t + 133. What is g(-9)?
-4
Let h(y) be the second derivative of -y**4/12 - 7*y**3/6 - 9*y**2/2 - 183*y. What is h(-6)?
-3
Let o(n) = 7*n + 5. Let l(i) = 4*i + 2. Let k be (-6)/2 - (-2 - -2). Let s(b) = k*o(b) + 5*l(b). Let h(u) = -u**2 - 7*u. Let x be h(-7). What is s(x)?
-5
Suppose s - 6*s = 25, -1 = 2*z + s. Let d(b) = -b**2 + 1 + 104*b - 38*b - 31*b - 38*b + b**3. Determine d(z).
-1
Let f(b) = 2*b**3 + 20*b**2 - 12*b - 14. Let s(c) = 5*c**3 + 42*c**2 - 24*c - 29. Let y(v) = 7*f(v) - 3*s(v). Calculate y(13).
2
Let a(t) = -t + 4. Suppose l - 3*l = -4*q + 16, 0 = -5*q + 4*l + 20. Suppose -q*v - 2*n - 3 = 3*n, 2*v + 2*n = 0. What is a(v)?
1
Suppose 0 = -14*p + 43 - 183. Let a(k) = -k**3 - 9*k**2 + 9*k - 5. Give a(p).
5
Let k(d) be the second derivative of d**5/20 + 3*d**4/4 + 5*d**3/6 - 5*d**2/2 + 15*d - 7. Determine k(-8).
19
Let z(c) be the third derivative of -c**5/30 - 5*c**4/12 - 4*c**3/3 + 7*c**2. Suppose -6 = -2*r - 18. Calculate z(r).
-20
Let s = 3 - 2. Let v = -19 + 22. Let i(j) = -2*j + 3*j**2 + 3 - 4 + v*j. Give i(s).
3
Suppose 12 = -500*k + 494*k. Let v(o) = -3*o**3 + 2*o**2 + 3*o + 3. Calculate v(k).
29
Let v(n)